+ 1 = -r - 2. Suppose 2*b + 2*d = -14, o*d + c = 3*d. Let g(s) = s**2 + 7*s + 3. What is g(b)?
-7
Suppose 0 = -b + 3, 0 = 4*g + b - 49 + 6. Let q(f) = -5 + 5*f + 4 + f + g*f**2 - f**3 - 7*f**2. Calculate q(4).
7
Let i be (-10)/(-14) + (-4)/(-14). Let s(o) = 1. Let a(p) = 2. Let r(z) = 4*a(z) - 9*s(z). Let u(w) = 7*w + 5. Let y(k) = 4*r(k) + u(k). Determine y(i).
8
Suppose 4 = 5*g + 3*m, 5*g - 14 + 0 = 2*m. Let t(h) = -3*h - g*h + h - 4 + h. Calculate t(-5).
11
Let i(y) = -y**2 - y + 1. Let w = -14 - -22. Suppose -5*d + w*d = 15. Suppose 3*a = -2*c + d*a, 0 = -c + 5*a - 8. Determine i(c).
-5
Suppose -11 = -p + 3*j, j + 7 = p - 4*j. Let o = 14 - p. Let x(t) = 3*t - 2 - t + 0*t + t**2. Calculate x(o).
1
Let z be ((-6)/8)/((-1)/8). Let w(x) = 0 + 470*x - 255*x + x**2 - 224*x + 8. Give w(z).
-10
Let u(r) = r**2 - 10*r + 7. Let b = 36 - 34. Suppose b*o + 5*v + 2 = 0, 3*o - v - 31 = -0*o. Calculate u(o).
-2
Let g = 54 + -34. Suppose -z = 4*z - g. Let j(k) = 5*k**2 - 9. Let m(y) = -y**2 + 1. Let h(u) = -j(u) - 4*m(u). Determine h(z).
-11
Let j(b) = b**3 + 12*b**2 + 12*b + 6. Let g(s) = -s**3 - 9*s**2 - 3*s - 27. Let y be g(-9). Suppose -3*p - 11 - 14 = 2*c, -c + 5*p - 6 = y. Calculate j(c).
-5
Let f(m) = -m**3 + 8*m**2 + 51*m - 30. Let o be f(12). Let j(r) = r**2 - 11*r + 26. Calculate j(o).
-4
Let h = 153 + -103. Let q = 51 - h. Let f(w) be the first derivative of 2*w**2 + 1. Determine f(q).
4
Let v(p) = -p**3 - p**2 - p + 4. Let d(z) = 3*z - 10. Let y be d(4). Let a be (y*-3)/((-6)/3). Suppose 2*m = -5*t - 3 - 1, a*t + 2*m + 4 = 0. Calculate v(t).
4
Let k(y) be the second derivative of -5/6*y**3 - 3/4*y**4 + 15*y + 11/2*y**2 - 1/20*y**5 + 0. Calculate k(-8).
-13
Let n(t) be the third derivative of -t**6/120 - 7*t**5/60 - t**4/24 - 4*t**3/3 + 4*t**2 + 38. What is n(-7)?
-1
Let u(d) = d**2 + 4 + 7748*d**3 + d - 7749*d**3 - 5*d**2. Calculate u(-3).
-8
Let q(b) = b**2 - 9*b + 8. Suppose -40 = 93*x - 98*x. Calculate q(x).
0
Let q(b) = 5*b**3 - b**2 - 3*b - 6. Suppose -29 = 5*g + 4*k + 2, 5*g = 2*k - 7. Let n(a) = -4*a**3 + 2*a + 5. Let f(l) = g*q(l) - 4*n(l). Give f(-2).
0
Let m = 8 + -2. Let c(w) = w**3 - 9*w**2 + 2*w + 4. Let s(a) = a**2 + a. Let h(r) = c(r) + 2*s(r). Give h(m).
-8
Let o(s) be the second derivative of -s**4/12 + s**3/2 - 3*s**2/2 - s. Suppose -4*n = -4*g - 4, 5*n - 8 = 3*g + g. Suppose 0 = 5*m - g*m - 6. What is o(m)?
-3
Let i(s) be the second derivative of s**4/6 - s**3/3 - 7*s**2/2 + 639*s. What is i(4)?
17
Let t(g) be the second derivative of -g**4/4 + 3*g**2/2 + 72*g. What is t(3)?
-24
Let g(t) be the third derivative of -t**6/720 - t**5/30 + 11*t**4/24 - 35*t**2. Let h(q) be the second derivative of g(q). What is h(-5)?
1
Let i be (-10)/(-4)*8/4. Let p = 6 - 4. Let l(s) = -i*s**2 + 4 - 3 + 0 - s**p. Give l(-1).
-5
Let k(v) be the first derivative of -3*v**2/2 - 3*v + 88. Give k(-4).
9
Let b(z) = -17 - 352*z**3 + 13*z**2 + 712*z**3 + 18*z - 359*z**3 - 7*z. Give b(-12).
-5
Let k(a) be the third derivative of -1/6*a**3 + 2/15*a**6 + 0 + 0*a - 3*a**2 + 0*a**4 + 1/60*a**5. Give k(1).
16
Suppose -65 + 86 = 3*q. Suppose d - 2*s - q = 0, -8*s = 3*d - 3*s - 32. Let a(c) = -c**3 + 9*c**2 - 2*c + 12. Determine a(d).
-6
Let s(n) = n. Let z be s(5). Suppose 35 + 5 = -z*j. Let x be j/6*72/(-16). Let t(l) = -l**2 + 4*l + 8. Give t(x).
-4
Let l(m) = 3*m**2 - 11*m - 3. Suppose -w + 170*b = 175*b - 29, 3*b = -w + 19. Determine l(w).
1
Let n(a) = 6*a - 22. Let q(p) = -12*p + 40. Let h(y) = -7*n(y) - 4*q(y). Give h(7).
36
Let u = -182 - -194. Let p(m) = -m**2 + 12*m - 1. Calculate p(u).
-1
Let v be (16/(-80) + 9/20)*-4. Let c(p) = -4*p - 1. Give c(v).
3
Let c be (-21)/6*(-12)/14. Let f(x) be the second derivative of x**4/12 - x**3/2 + x**2/2 - x. What is f(c)?
1
Let j = 141 - 157. Let l = -12 - j. Let f(v) = v**3 - 5*v**2 + 3*v. What is f(l)?
-4
Let y(x) = -2*x**2 - 45*x - 149. Let v be y(-4). Let n(f) = 3*f + 6. What is n(v)?
3
Let o(z) = -z**3 - 3*z**2 - 4*z. Let b(d) = 4*d + 25. Let i be b(-7). What is o(i)?
12
Suppose 7 = -5*q + 27. Let w(p) = -6 + 44*p - 43*p + q. What is w(1)?
-1
Suppose -4 = -2*b - 0*b. Let k(p) be the second derivative of -p**5/20 + p**3/3 - p**2/2 - 4*p - 4. Determine k(b).
-5
Let w(o) = -7*o**3 + o**2 - 1. Let k be -14*((-4)/(-8) - 1). Suppose k*p + 2*p = 9. Calculate w(p).
-7
Let d(h) = -19*h + 556 - 1685 + 564 + 565. What is d(1)?
-19
Let d(r) be the second derivative of r**5/4 + r**3/3 + r**2/2 - 2*r. Suppose -34 = -9*g + 43*g. Give d(g).
-6
Let u(z) = -z**3 - 10*z**2 + 11*z - 7. Let b be u(-11). Let r(f) be the second derivative of -f**3/6 - 3*f**2 - 17*f. Give r(b).
1
Suppose -21*u + 40*u = 27*u. Let x(q) = q**3 + q**2 - 22. Calculate x(u).
-22
Let w(c) be the third derivative of -c**4/3 - 7*c**3/3 - 881*c**2. Calculate w(-6).
34
Let z(h) be the second derivative of -1/12*h**4 + h**3 + 0 - 1/2*h**2 + 15*h. Give z(5).
4
Let h(m) = m**3 - 11*m**2 + m - 10. Suppose 11*t + 47 = 168. What is h(t)?
1
Let u(w) = -6*w**2 - 6*w - 2. Let y(j) = -7*j**2 - 6*j - 3. Let k(v) = 6*u(v) - 5*y(v). What is k(-5)?
8
Let b(i) = 3*i + 9*i + 9*i - 3 - 27*i. Determine b(4).
-27
Suppose -2*j + 3*j - 5 = 0. Let h(f) = -2*f**3 + 12*f**2 - f + 8. Let b(w) = w**3 - 6*w**2 - 4. Let u(g) = 5*b(g) + 3*h(g). Give u(j).
14
Let i(p) = 12*p + 7. Let d(c) = -16*c - 8. Let w(a) = -4*d(a) - 5*i(a). Let x(y) = -4*y - 1. Let h be x(-1). Give w(h).
9
Let x(k) = -11*k**2 + 2*k + 4. Let a = -113 - -112. Let p(l) = l**2 - 1. Let m(n) = a*x(n) - 6*p(n). Calculate m(2).
18
Let x(a) be the second derivative of -a**3/6 - 7*a**2/2 + 142*a. Calculate x(-14).
7
Let t(w) be the third derivative of -7*w**4/24 - 25*w**3/2 + 46*w**2. Determine t(-10).
-5
Let c(q) = -q**2 - 5*q - 3. Let w(k) = k**2 + 3*k + 2. Let r be w(-3). Let l(s) = -1 + r - 6*s + 2 - s**2 + 8. Let u be l(-8). Calculate c(u).
-3
Let p(u) = -u**3 + 13*u**2 + u - 9. Let k(l) = l**3 + 22*l**2 - 23*l + 13. Let j be k(-23). Determine p(j).
4
Let a(o) = 4*o - 9. Let r(t) = 3*t**2 - 55*t + 64. Let h be r(17). What is a(h)?
-25
Let d(i) = -i**2 + 5*i + 3. Let u be d(6). Let p be ((-16)/10)/(14/35). Let k(x) = -4*x + 9. Let l(z) = 5*z - 10. Let b(f) = p*k(f) + u*l(f). Determine b(0).
-6
Let s(d) = -d**2 + 10*d + 5. Let x(k) = k**2 - 3*k - 1. Let r(b) = -s(b) - 4*x(b). Let m be 0 + -1 + 1 + 1. Let v be (4/(-6) + m)*3. Give r(v).
-2
Let w(v) = -v - 5. Let s be w(-5). Let g(r) = 105*r**2 - 106*r**2 + 4 - 7*r + 7*r. Determine g(s).
4
Suppose -v - v = 0. Let b be (-27)/(-12) + (1 - 5/4). Let o(t) = -4 + 1 - 2 - 1 + t**b. Give o(v).
-6
Suppose 12 = 6*k - 3*k. Let y be ((-2)/(-1))/(k - 2). Let u(i) be the second derivative of -7*i**4/12 - i**2/2 + 63*i. Calculate u(y).
-8
Let t(l) = -2*l**2 - l - 1. Let b = 11 + -16. Let w(k) be the first derivative of -k**3 - k**2 - k + 1. Let r(v) = b*w(v) + 8*t(v). Calculate r(3).
-6
Let x(n) be the third derivative of 0 - 1/6*n**3 - 1/24*n**4 - 5*n**2 + 0*n. Let j be x(3). Let l(b) = b**2 + 6*b + 4. What is l(j)?
-4
Suppose 9 = b - 5*g, -g = b - 4*g - 13. Let r(d) = 6 + 9 + 2*d - b. Let v = 1 - -2. Determine r(v).
2
Let b(i) = -i**2 + 1. Let v(t) = -7*t**2 + 7. Let a(s) = 5*b(s) - v(s). Suppose 8 = -3*u - 13. Let m be (3/(-7))/(1/u). Calculate a(m).
16
Let b(y) be the first derivative of y**2/2 + y + 2. Let t be b(3). Suppose 0 = 5*j - t*j - 2*l - 6, 2*j - 7 = -l. Let a(i) = 2*i**2 - 7*i + 4. Determine a(j).
8
Let v be (8/(-6))/((-4)/18). Let g be (-2)/6 - 4/v. Let z(x) be the first derivative of -2*x**2 - x - 131. Calculate z(g).
3
Let l be (-20)/(-165)*242/44. Let a(j) be the second derivative of 1/20*j**5 + 0 + 1/2*j**4 + l*j**3 - 1/2*j**2 + 3*j. Give a(-5).
4
Let z(j) = 2*j**2 + 15*j. Suppose p = -29 + 22. Calculate z(p).
-7
Let u(t) be the first derivative of -t**3/3 + 9*t**2/2 + 14*t + 34. Calculate u(10).
4
Suppose -m + 14 = m. Let v(n) = -15*n**3 - 7*n + 10. Let t(o) = 13*o**3 - o**2 + 6*o - 9. Let a(w) = 7*t(w) + 6*v(w). What is a(m)?
-3
Let r(g) = 2*g**2 - 2*g - 3. Let j(x) be the first derivative of -x**3 + 3*x**2/2 + 3*x + 1. Let z = 6 + -2. Let h(f) = z*j(f) + 5*r(f). Give h(2).
-7
Let q be 1/(-2)*(76 - 42). Let o(s) = 2*s + 39. Determine o(q).
5
Let s be 2/(-15) - 385/(-75). Let c(i) = -i + 9. Let f be c(s). Let a(x) = 2*x - 3. Give a(f).
5
Let a = 2 - -4. Suppose